{"id":1103,"date":"2019-01-16T19:51:23","date_gmt":"2019-01-16T19:51:23","guid":{"rendered":"http:\/\/www.ucakkargo.net\/?page_id=1103"},"modified":"2019-01-16T19:51:23","modified_gmt":"2019-01-16T19:51:23","slug":"batman-ucak-yurt-disi-kargo","status":"publish","type":"page","link":"https:\/\/ucakkargo.org\/kargo\/batman-ucak-yurt-disi-kargo\/","title":{"rendered":"Batman U\u00e7ak Yurt D\u0131\u015f\u0131 Kargo"},"content":{"rendered":"\n<h3 class=\"wp-block-heading\"><strong>Batman U\u00e7ak Yurt D\u0131\u015f\u0131 Kargo<\/strong><\/h3>\n\n\n\n<p><strong><span style=\"vertical-align: inherit;\"><span style=\"vertical-align: inherit;\">Batman u\u00e7ak yurt d\u0131\u015f\u0131 kargo g\u00f6nderimi<\/span><\/span><\/strong> normal kargolara g\u00f6re \u00e7ok daha \u00e7abuk ve sorunsuz bir \u015fekilde ger\u00e7ekle\u015fir. Firmam\u0131z taraf\u0131ndan hem yurti\u00e7i hem de <strong>yurt d\u0131\u015f\u0131 i\u00e7in havayolu ile kargo g\u00f6nderimi<\/strong> yap\u0131lmaktad\u0131r. Yurti\u00e7inde <strong>havayolu kargo hizmeti<\/strong> verilen yerlerden biri de <strong>Batman<\/strong>&#8216;d\u0131r. Batman&#8217;da yap\u0131lan<strong> havayolu kargo<\/strong> g\u00f6nderimi ile adresten adrese teslimat yap\u0131labilmektedir. Firmam\u0131z\u0131n u\u00e7aklar\u0131, havaalan\u0131ndan ald\u0131\u011f\u0131 kargoyu k\u0131sa s\u00fcrede di\u011fer havaalan\u0131na ula\u015ft\u0131rmaktad\u0131r. Bu sayede acilen g\u00f6nderilmesi gereken \u00f6nemli evrak ve benzeri belgeler zaman\u0131nda ula\u015ft\u0131r\u0131labilir.<\/p>\n\n\n\n\n\n<h3 class=\"wp-block-heading\"><strong>Batman U\u00e7ak Kargonun G\u00f6nderi Ula\u015ft\u0131rma S\u00fcresi Ortalama Ne Kadard\u0131r<\/strong><\/h3>\n\n\n\n<p><strong>U\u00e7ak <\/strong>ile g\u00f6nderilen <strong>kargo<\/strong>, \u00fclkede <strong>havaalan\u0131<\/strong> bulunan her yere teslim edilebilmektedir. \u00c7ok k\u0131sa bir s\u00fcrede teslimat imkan\u0131 sunulmas\u0131 ile olduk\u00e7a kullan\u0131\u015fl\u0131 olmaktad\u0131r. G\u00f6nderi kayd\u0131n\u0131n yap\u0131lmas\u0131ndan itibaren genel olarak teslimat s\u00fcrecine ba\u015flan\u0131r. Adresten al\u0131nabilen paket, gerekli i\u015flemler yap\u0131ld\u0131ktan sonra u\u00e7a\u011fa do\u011fru g\u00f6nderilir. Paketlemesi tamamlanm\u0131\u015f olan ve g\u00f6nderime haz\u0131r olan kargo, u\u00e7a\u011fa d\u00fczg\u00fcn \u015fekilde yerle\u015ftirilmektedir. Firmam\u0131z taraf\u0131ndan kargoyu teslim etmesi i\u00e7in haz\u0131rlanm\u0131\u015f olan u\u00e7ak kalkar ve teslimat\u0131n yap\u0131laca\u011f\u0131 \u015fehre do\u011fru gider. U\u00e7ak havaalan\u0131na vard\u0131ktan sonra personelimiz taraf\u0131ndan kargonun adrese teslimi tamamlan\u0131r. B\u00fct\u00fcn bu i\u015flemler <strong>Batman u\u00e7ak kargo <\/strong>ile \u00e7ok h\u0131zl\u0131 bir \u015fekilde yap\u0131l\u0131r. Teslimat, sadece bir g\u00fcn i\u00e7inde tamamlanabilmektedir. Ancak baz\u0131 ko\u015fullara ba\u011fl\u0131 olarak maksimum 3-4 g\u00fcn i\u00e7inde de yap\u0131labilir.<\/p>\n\n\n\n<h3 class=\"wp-block-heading\"><strong><span style=\"vertical-align: inherit;\"><span style=\"vertical-align: inherit;\">Batman U\u00e7ak Yurt D\u0131\u015f\u0131 Kargo da ki Paketin Hareketlerinin Takibi<\/span><\/span><\/strong><\/h3>\n\n\n\n<p>U\u00e7akta bulunan paketin takibi m\u00fcmk\u00fcnd\u00fcr. Firmam\u0131z\u0131n web sitesinde bulunan ilgili alan sayesinde kargo takip numaras\u0131 ile g\u00f6nderinin hareketleri izlenebilir. Sistemde kargonun \u015fubeden \u00e7\u0131k\u0131\u015f saati, havaalan\u0131na var\u0131\u015f saati gibi bilgilere ula\u015fmak m\u00fcmk\u00fcnd\u00fcr. <strong>Batman u\u00e7ak kargo <\/strong>ile g\u00f6nderilen paketin takip edilebilmesi sayesinde g\u00f6nderi sahibi kargosunun durumunu her an \u00f6\u011frenebilmektedir. Firmam\u0131z taraf\u0131ndan sunulan takip \u00f6zelli\u011fi her zaman kullan\u0131labilmektedir.<\/p>\n\n\n\n<h3 class=\"wp-block-heading\"><strong>Batman U\u00e7ak Kargoyla G\u00f6nderilen E\u015fyalar\u0131n Paketlenmesi<\/strong><\/h3>\n\n\n\n<p>Havayolu ile g\u00f6nderilen kargo, \u00e7ok g\u00fcvenli ve avantajl\u0131d\u0131r. Firmam\u0131z, u\u00e7a\u011fa y\u00fckleme yapmadan \u00f6nce, g\u00f6nderilecek olan e\u015fyay\u0131 iyi bir \u015fekilde paketler ve ta\u015f\u0131ma s\u0131ras\u0131nda zarar g\u00f6rmemesini sa\u011flar. Ayn\u0131 zamanda <strong>Batman u\u00e7ak kargo <\/strong>taraf\u0131ndan yap\u0131lan sigorta sayesinde, ta\u015f\u0131nan e\u015fya firmam\u0131z g\u00fcvencesi alt\u0131na al\u0131nmaktad\u0131r. Firmam\u0131z hem g\u00fcvenlik hem de h\u0131z bak\u0131mdan<strong> profesyonel kargo ta\u015f\u0131mac\u0131l\u0131\u011f\u0131<\/strong> yapmaktad\u0131r. Havayolu ile <strong>h\u0131zl\u0131<\/strong> <strong>kargo<\/strong> g\u00f6nderisi i\u00e7in firmam\u0131zdan hizmet alabilirsiniz.Teslimat s\u00fcremiz 4 saattir.<\/p>\n\n\n\n<p class=\"has-text-color\" style=\"color: #ffffff;\"><strong>Nas\u0131l Kargo G\u00f6nderilir<\/strong><br \/>7\/24 <strong>destek <\/strong>alabilirsiniz.<\/p>\n","protected":false},"excerpt":{"rendered":"<p>Batman U\u00e7ak Yurt D\u0131\u015f\u0131 Kargo Batman u\u00e7ak yurt d\u0131\u015f\u0131 kargo g\u00f6nderimi normal kargolara g\u00f6re \u00e7ok daha \u00e7abuk ve sorunsuz bir<\/p>\n","protected":false},"author":2,"featured_media":0,"parent":0,"menu_order":0,"comment_status":"closed","ping_status":"closed","template":"","meta":{"footnotes":""},"class_list":["post-1103","page","type-page","status-publish","hentry","comments-off"],"_links":{"self":[{"href":"https:\/\/ucakkargo.org\/kargo\/wp-json\/wp\/v2\/pages\/1103","targetHints":{"allow":["GET"]}}],"collection":[{"href":"https:\/\/ucakkargo.org\/kargo\/wp-json\/wp\/v2\/pages"}],"about":[{"href":"https:\/\/ucakkargo.org\/kargo\/wp-json\/wp\/v2\/types\/page"}],"author":[{"embeddable":true,"href":"https:\/\/ucakkargo.org\/kargo\/wp-json\/wp\/v2\/users\/2"}],"replies":[{"embeddable":true,"href":"https:\/\/ucakkargo.org\/kargo\/wp-json\/wp\/v2\/comments?post=1103"}],"version-history":[{"count":0,"href":"https:\/\/ucakkargo.org\/kargo\/wp-json\/wp\/v2\/pages\/1103\/revisions"}],"wp:attachment":[{"href":"https:\/\/ucakkargo.org\/kargo\/wp-json\/wp\/v2\/media?parent=1103"}],"curies":[{"name":"wp","href":"https:\/\/api.w.org\/{rel}","templated":true}]}}