{"id":1122,"date":"2019-01-16T19:51:23","date_gmt":"2019-01-16T19:51:23","guid":{"rendered":"http:\/\/www.ucakkargo.net\/?page_id=1122"},"modified":"2019-01-16T19:51:23","modified_gmt":"2019-01-16T19:51:23","slug":"cezayir-ucak-kargo","status":"publish","type":"page","link":"https:\/\/ucakkargo.org\/kargo\/cezayir-ucak-kargo\/","title":{"rendered":"Cezayir U\u00e7ak Yurt D\u0131\u015f\u0131 Kargo"},"content":{"rendered":"\n<h3 class=\"wp-block-heading\"><strong>Cezayir U\u00e7ak<\/strong> <strong>Yurt D\u0131\u015f\u0131 Kargo<\/strong><\/h3>\n\n\n\n<p>\u00a0\u00a0\u00a0\u00a0\u00a0\u00a0\u00a0\u00a0\u00a0\u00a0\u00a0\u00a0\u00a0\u00a0 <strong>Cezayir Yurt D\u0131\u015f\u0131 Kargo<\/strong> G\u00fcn\u00fcm\u00fczde kargo i\u015flemleri olduk\u00e7a fazla uygulanmakta ve tercih edilmektedir. Kargo i\u015flemlerinde en \u00e7ok dikkat edilmesi gereken ve m\u00fc\u015fterilerin \u00f6nem verdi\u011fi maddeler<strong> h\u0131zl\u0131 Yurt D\u0131\u015f\u0131 Kargo<\/strong> olmas\u0131, maliyet a\u00e7\u0131s\u0131ndan ekonomik olmas\u0131 ve kargo yap\u0131lan \u00fcr\u00fcn\u00fcn hasars\u0131z ve g\u00fcvenli \u015fekilde al\u0131c\u0131ya ula\u015ft\u0131r\u0131lmas\u0131d\u0131r. Bu konuda bir\u00e7ok a\u00e7\u0131dan memnuniyet kazanan ve T\u00fcrkiye\u2019nin <strong>en h\u0131zl\u0131 Yurt D\u0131\u015f\u0131 Kargo \u015firketi<\/strong> olan <strong>Acil Yurt D\u0131\u015f\u0131 Kargo<\/strong> ile kargolar g\u00fcvenli \u015fekilde al\u0131c\u0131lara ula\u015ft\u0131r\u0131lmaktad\u0131r. 2010 y\u0131l\u0131ndan bu yana T\u00fcrkiye\u2019nin en kaliteli hava yolu kargo \u015firketlerinden bir tanesi olan Acil Kargo, \u0130stanbul merkezden t\u00fcm d\u00fcnyaya olacak \u015fekilde kargo hizmetlerini s\u00fcrd\u00fcrmektedir. Tecr\u00fcbeli ve uzman olan kadrosu ile t\u00fcm g\u00f6nderiler profesyonel bir \u015fekilde adresten adrese, hava alan\u0131ndan adrese, adresten hava alan\u0131na, hava alan\u0131ndan hava alan\u0131na g\u00f6nderiler teslim edilebilir. <strong><span style=\"vertical-align: inherit;\"><span style=\"vertical-align: inherit;\">Cezayir U\u00e7ak Yurt D\u0131\u015f\u0131 Kargo<\/span><\/span><\/strong> lar\u0131 en h\u0131zl\u0131 \u015fekilde adrese teslim \u015fekilde iletmek m\u00fcmk\u00fcn olmaktad\u0131r.<\/p>\n\n\n\n<figure class=\"wp-block-image\"><img decoding=\"async\" src=\"https:\/\/gezimanya.com\/sites\/default\/files\/styles\/800x600_height\/public\/cezayir_sehri_0.jpg?itok=LIRR7-Z6\" alt=\"Yurt D\u0131\u015f\u0131 Kargo\" \/><\/figure>\n\n\n\n<h3 class=\"wp-block-heading\"><strong><span style=\"vertical-align: inherit;\"><span style=\"vertical-align: inherit;\">Cezayir Yurt D\u0131\u015f\u0131 Kargo Sistemi<\/span><\/span><\/strong><\/h3>\n\n\n\n<p>\u00a0\u00a0\u00a0\u00a0Kuzey Afrika b\u00f6lgesinin en kalabal\u0131k ve de\u011ferli \u00fclkelerinden bir tanesi olan Cezayir, T\u00fcrkiye ile bir\u00e7ok konuda ticareti ve yak\u0131nl\u0131\u011f\u0131 bulunan bir \u00fclkedir. Acil kargo hizmetleri sayesinde <strong>Cezayir Yurt D\u0131\u015f\u0131 Kargo <\/strong>i\u015flemleri en k\u0131sa s\u00fcrede ve g\u00fcvenli bir \u015fekilde al\u0131c\u0131ya teslim edilebilir. Profesyonel bir \u015fekilde ve en h\u0131zl\u0131 olacak durumda kargolar\u0131n ki\u015filer ile bulu\u015fturulmas\u0131 sa\u011flanmaktad\u0131r. T\u00fcm d\u00fcnya \u00fclkeleri gibi <strong>Cezayir Yurt D\u0131\u015f\u0131 Kargo <\/strong>i\u015flemlerini de b\u00fcy\u00fck bir h\u0131zl\u0131l\u0131k, titizlik ve g\u00fcvenli \u015fekilde ger\u00e7ekle\u015ftiren firmam\u0131z\u0131n web sitesi \u00fczerinden kargonun durumunu her an takip edebilme olana\u011f\u0131n\u0131z bulunmaktad\u0131r. Bunun yan\u0131nda g\u00fcn\u00fcn her saati ileti\u015fim numaralar\u0131 aranarak bilgi de elde edilebilmektedir.<\/p>\n\n\n\n<h3 class=\"wp-block-heading\">\u00a0\u00a0\u00a0 <strong>Cezayir U\u00e7ak Yurt D\u0131\u015f\u0131 Kargo Hizmetleri<\/strong><\/h3>\n\n\n\n<p><strong>\u00a0\u00a0\u00a0\u00a0\u00a0\u00a0\u00a0\u00a0\u00a0\u00a0\u00a0\u00a0\u00a0\u00a0\u00a0 <\/strong>U\u00e7ak kargo ta\u015f\u0131mac\u0131l\u0131\u011f\u0131 sayesinde \u00f6nemli olan malzeme, evrak ve de\u011ferli e\u015fyalar\u0131n ta\u015f\u0131nmas\u0131 olduk\u00e7a kolay ve h\u0131zl\u0131 olmaktad\u0131r. Kargo g\u00f6ndermek isteyen ki\u015filer \u00e7a\u011fr\u0131 merkezi ile kuracaklar\u0131 irtibatlar neticesinde kargo bilgilerini payla\u015fmaktad\u0131r. Eksiksiz bir \u015fekilde al\u0131nan kargo bilgileri analiz edilir ve servis s\u00fcresi, fiyat bilgisi ve teslimat s\u00fcresi gibi detaylar belirlenir. G\u00f6nderi yap\u0131lacak olan \u015fehir \u0130stanbul ise firmam\u0131z kargolar\u0131 adresten al\u0131p teslim edebilmektedir. B\u00f6ylelikle <strong>Cezayir kargo <\/strong>i\u015flemlerini en h\u0131zl\u0131, g\u00fcvenli ve hesapl\u0131 \u015fekilde gidermek m\u00fcmk\u00fcn olmaktad\u0131r.<\/p>\n\n\n\n<p class=\"has-text-color\" style=\"color: #ffffff;\"><strong>Nas\u0131l Kargo G\u00f6nderilir<\/strong><br \/>7\/24 <strong>destek <\/strong>alabilirsiniz.<\/p>\n","protected":false},"excerpt":{"rendered":"<p>Cezayir U\u00e7ak Yurt D\u0131\u015f\u0131 Kargo \u00a0\u00a0\u00a0\u00a0\u00a0\u00a0\u00a0\u00a0\u00a0\u00a0\u00a0\u00a0\u00a0\u00a0 Cezayir Yurt D\u0131\u015f\u0131 Kargo G\u00fcn\u00fcm\u00fczde kargo i\u015flemleri olduk\u00e7a fazla uygulanmakta ve tercih edilmektedir. Kargo<\/p>\n","protected":false},"author":2,"featured_media":0,"parent":0,"menu_order":0,"comment_status":"closed","ping_status":"closed","template":"","meta":{"footnotes":""},"class_list":["post-1122","page","type-page","status-publish","hentry","comments-off"],"_links":{"self":[{"href":"https:\/\/ucakkargo.org\/kargo\/wp-json\/wp\/v2\/pages\/1122","targetHints":{"allow":["GET"]}}],"collection":[{"href":"https:\/\/ucakkargo.org\/kargo\/wp-json\/wp\/v2\/pages"}],"about":[{"href":"https:\/\/ucakkargo.org\/kargo\/wp-json\/wp\/v2\/types\/page"}],"author":[{"embeddable":true,"href":"https:\/\/ucakkargo.org\/kargo\/wp-json\/wp\/v2\/users\/2"}],"replies":[{"embeddable":true,"href":"https:\/\/ucakkargo.org\/kargo\/wp-json\/wp\/v2\/comments?post=1122"}],"version-history":[{"count":0,"href":"https:\/\/ucakkargo.org\/kargo\/wp-json\/wp\/v2\/pages\/1122\/revisions"}],"wp:attachment":[{"href":"https:\/\/ucakkargo.org\/kargo\/wp-json\/wp\/v2\/media?parent=1122"}],"curies":[{"name":"wp","href":"https:\/\/api.w.org\/{rel}","templated":true}]}}