{"id":1228,"date":"2019-01-16T19:51:25","date_gmt":"2019-01-16T19:51:25","guid":{"rendered":"http:\/\/www.ucakkargo.net\/?page_id=1228"},"modified":"2019-01-16T19:51:25","modified_gmt":"2019-01-16T19:51:25","slug":"guvenli-kargo","status":"publish","type":"page","link":"https:\/\/ucakkargo.org\/kargo\/guvenli-kargo\/","title":{"rendered":"G\u00fcvenli Kargo Yurt D\u0131\u015f\u0131 Kargo"},"content":{"rendered":"\n<h3 class=\"wp-block-heading\"><strong>G\u00fcvenli Kargo Yurt D\u0131\u015f\u0131 Kargo<\/strong><\/h3>\n\n\n\n<p>G\u00fcvenli kargo yurt d\u0131\u015f\u0131 kargo ta\u015f\u0131mac\u0131l\u0131\u011f\u0131 konusunda en \u00f6nemli iki unsur h\u0131z ve g\u00fcvenliktir. Firmam\u0131z olduk\u00e7a h\u0131zl\u0131 teslimat yapmas\u0131n\u0131n yan\u0131 s\u0131ra g\u00fcvenli ta\u015f\u0131mac\u0131l\u0131\u011f\u0131 ile de fayda sa\u011flamaktad\u0131r. Hem h\u0131zl\u0131 gem g\u00fcvenli teslimat yapan firmam\u0131z, teslimat s\u00fcrecinde e\u015fyan\u0131n veya belgenin herhangi bir zarar g\u00f6rememesini sa\u011flar. Bununla birlikte e\u015fyalar\u0131n ta\u015f\u0131mac\u0131l\u0131\u011f\u0131n\u0131 olduk\u00e7a dikkatli bir \u015fekilde yapar. Firmam\u0131z taraf\u0131ndan bir\u00e7ok farkl\u0131 \u00fcr\u00fcn\u00fcn ta\u015f\u0131mac\u0131l\u0131\u011f\u0131 yap\u0131lmaktad\u0131r. G\u00fcvenlik i\u00e7in hem ta\u015f\u0131mas\u0131 yapan personel konusunda hem de paketleme ve ara\u00e7lara y\u00fckleme konusunda etkili bir \u015fekilde \u00e7al\u0131\u015fmaktay\u0131z. <strong>G\u00fcvenli<\/strong> <strong>kargo <\/strong>ta\u015f\u0131mac\u0131l\u0131\u011f\u0131 i\u00e7in firmam\u0131z taraf\u0131ndan \u00e7e\u015fitli i\u015flemler yap\u0131lmaktad\u0131r.<\/p>\n\n\n\n<figure class=\"wp-block-image\"><img decoding=\"async\" class=\"wp-image-3688\" src=\"https:\/\/yurtdisihavakargo.com\/wp-content\/uploads\/2019\/03\/express-kargo.jpg\" alt=\"Yurt D\u0131\u015f\u0131 Kargo\" \/><\/figure>\n\n\n\n<h3 class=\"wp-block-heading\"><strong>Teslimat \u00d6ncesi Paketleme Ve Ambalajlama \u0130le G\u00fcvenli Kargoculuk<\/strong><\/h3>\n\n\n\n<p>Firmam\u0131z; hava, kara veya deniz yolu ile kargo ta\u015f\u0131mac\u0131l\u0131\u011f\u0131 yapabilmektedir. Bu sayede her zaman \u00e7e\u015fitli yollarla kargo imkan\u0131 bulunmaktad\u0131r. B\u00fct\u00fcn bu ta\u015f\u0131mac\u0131l\u0131k yollar\u0131n\u0131 hepsinde dikkat edilen en \u00f6nemli konulardan biri de g\u00fcvenliktir. Firmam\u0131z, \u00fcr\u00fcnlerin teslimat\u0131na ba\u015flamadan \u00f6nce g\u00fcvenli bir \u015fekilde paketleme ve ambalajlama i\u015flemeli yapmaktad\u0131r. Firmam\u0131z\u0131n bu i\u015flemi sayesinde \u00fcr\u00fcnlerin ta\u015f\u0131ma s\u0131ras\u0131nda sars\u0131lma veya hafif \u00e7arpma gibi durumlarda hasar almamas\u0131 sa\u011flan\u0131r. Ayn\u0131 zamanda bu \u00fcr\u00fcnler ara\u00e7lara yerle\u015ftirilirken de gerekli unsurlara dikkat edilir. B\u00f6ylece ara\u00e7 i\u00e7inde \u00e7ok fazla sars\u0131lma olmamas\u0131 sa\u011flan\u0131r. Firmam\u0131z cam olan \u00fcr\u00fcnler i\u00e7in de \u00f6zel paketleme yaparak g\u00fcvenli ta\u015f\u0131mac\u0131l\u0131k yapmaktad\u0131r. G\u00fcvenli Kargo<\/p>\n\n\n\n<h3 class=\"wp-block-heading\"><strong>Teslimat S\u00fcreci Boyunca Ge\u00e7erli Olan Sigorta \u0130le Y\u00fcksek Kargo G\u00fcvenli\u011fi<\/strong><\/h3>\n\n\n\n<p>Kargo ta\u015f\u0131mac\u0131l\u0131\u011f\u0131 yapan firmam\u0131z\u0131n g\u00fcvenli i\u00e7in sa\u011flad\u0131\u011f\u0131 hizmetlerden biri de sigortad\u0131r. Firmam\u0131z, ta\u015f\u0131mac\u0131l\u0131\u011f\u0131n\u0131 yapt\u0131\u011f\u0131 \u00fcr\u00fcnlere teslimat s\u00fcreci boyunca sigorta sa\u011flamaktad\u0131r. Bu sayede b\u00fct\u00fcn e\u015fyalar\u0131n ta\u015f\u0131ma i\u015flemi s\u0131ras\u0131nda kargo sahiplerine g\u00fcvence verilmektedir. Verilen bu g\u00fcvence ile e\u015fyalara herhangi bir zarar gelmesi durumunda kargo sahibin hak talep etme imkan\u0131 bulunur. Firmam\u0131z; teslimat s\u00fcrecinde herhangi bir e\u015fyaya zarar gelirse, bu zarar\u0131 kar\u015f\u0131lamaktad\u0131r. B\u00f6ylece <strong>g\u00fcvenli<\/strong> <strong>kargo<\/strong> ta\u015f\u0131mac\u0131l\u0131\u011f\u0131 yap\u0131l\u0131r.<\/p>\n\n\n\n<h3 class=\"wp-block-heading\"><strong>Personel Ve Ara\u00e7 Kalitesi \u0130le Kargo G\u00fcvenli\u011fi<\/strong><\/h3>\n\n\n\n<p>Firmam\u0131z b\u00fcnyesinde bulunan b\u00fct\u00fcn personeller, \u00fcr\u00fcnlerin ta\u015f\u0131mac\u0131l\u0131\u011f\u0131n\u0131 \u00e7ok dikkatli bir \u015fekilde yapmaktad\u0131r. Ayn\u0131 zamanda firmam\u0131z\u0131n hava, kara ve deniz ara\u00e7lar\u0131n\u0131n tamam\u0131n\u0131n bak\u0131mlar\u0131 yap\u0131lmaktad\u0131r ve ara\u00e7lar sorunsuzdur. B\u00f6ylece ta\u015f\u0131mac\u0131l\u0131k s\u0131ras\u0131nda herhangi bir sorun olu\u015fmaz. <strong>G\u00fcvenli kargo <\/strong>ta\u015f\u0131mac\u0131l\u0131\u011f\u0131 i\u00e7in firmam\u0131z\u0131 tercih edebilirsiniz.<\/p>\n\n\n\n<p class=\"has-text-color\" style=\"color: #ffffff;\"><strong>Nas\u0131l Kargo G\u00f6nderilir<\/strong><br \/>7\/24 <strong>destek <\/strong>alabilirsiniz.<\/p>\n","protected":false},"excerpt":{"rendered":"<p>G\u00fcvenli Kargo Yurt D\u0131\u015f\u0131 Kargo G\u00fcvenli kargo yurt d\u0131\u015f\u0131 kargo ta\u015f\u0131mac\u0131l\u0131\u011f\u0131 konusunda en \u00f6nemli iki unsur h\u0131z ve g\u00fcvenliktir. Firmam\u0131z<\/p>\n","protected":false},"author":2,"featured_media":0,"parent":0,"menu_order":0,"comment_status":"closed","ping_status":"closed","template":"","meta":{"footnotes":""},"class_list":["post-1228","page","type-page","status-publish","hentry","comments-off"],"_links":{"self":[{"href":"https:\/\/ucakkargo.org\/kargo\/wp-json\/wp\/v2\/pages\/1228","targetHints":{"allow":["GET"]}}],"collection":[{"href":"https:\/\/ucakkargo.org\/kargo\/wp-json\/wp\/v2\/pages"}],"about":[{"href":"https:\/\/ucakkargo.org\/kargo\/wp-json\/wp\/v2\/types\/page"}],"author":[{"embeddable":true,"href":"https:\/\/ucakkargo.org\/kargo\/wp-json\/wp\/v2\/users\/2"}],"replies":[{"embeddable":true,"href":"https:\/\/ucakkargo.org\/kargo\/wp-json\/wp\/v2\/comments?post=1228"}],"version-history":[{"count":0,"href":"https:\/\/ucakkargo.org\/kargo\/wp-json\/wp\/v2\/pages\/1228\/revisions"}],"wp:attachment":[{"href":"https:\/\/ucakkargo.org\/kargo\/wp-json\/wp\/v2\/media?parent=1228"}],"curies":[{"name":"wp","href":"https:\/\/api.w.org\/{rel}","templated":true}]}}