{"id":1426,"date":"2019-01-16T19:51:27","date_gmt":"2019-01-16T19:51:27","guid":{"rendered":"http:\/\/www.ucakkargo.net\/?page_id=1426"},"modified":"2019-01-16T19:51:27","modified_gmt":"2019-01-16T19:51:27","slug":"kenya-yurt-disi-kargo","status":"publish","type":"page","link":"https:\/\/ucakkargo.org\/kargo\/kenya-yurt-disi-kargo\/","title":{"rendered":"Kenya Yurt D\u0131\u015f\u0131 Kargo"},"content":{"rendered":"\n<h3 class=\"wp-block-heading\"><strong>Kenya Yurt D\u0131\u015f\u0131 Kargo<\/strong><\/h3>\n\n\n\n<p>Kenya Yurt D\u0131\u015f\u0131 Kargo Do\u011fu Afrika\u2019n\u0131n en bilinen \u00fclkesi olan Kenya\u2019ya iletilmesi gereken kargolar\u0131n\u0131z direkt olarak ula\u015ft\u0131r\u0131lmaktad\u0131r. T\u00fcrkiye Kenya aras\u0131 kargolar acil durumuna ba\u011fl\u0131 olarak en az 3-4 en fazla 6-7 g\u00fcn gibi k\u0131sa zaman vadesinde al\u0131c\u0131s\u0131na iletilmektedir. \u0130stanbul merkezli ofisimiz almak istedi\u011finiz hizmet t\u00fcr\u00fcne ba\u011fl\u0131 olarak size en \u00fcst d\u00fczey \u015fekilde yard\u0131mc\u0131 olarak kargolar\u0131n\u0131z\u0131n zaman\u0131nda yerine ula\u015fmas\u0131n\u0131 ilke edinmi\u015ftir.<\/p>\n\n\n\n<figure class=\"wp-block-image\"><img decoding=\"async\" src=\"http:\/\/nairobilawmonthly.com\/wp-content\/uploads\/2016\/11\/maxresdefault-1.jpg\" alt=\"Yurt D\u0131\u015f\u0131 Kargo\" \/><\/figure>\n\n\n\n<h2 class=\"wp-block-heading\">Yurt D\u0131\u015f\u0131 Kargo<\/h2>\n\n\n\n<p>Kenya\u2019ya kargo g\u00f6nderim i\u015flemi, Kenya Express kargo ve Kenya Ekonomik kargo olmak \u00fczere iki \u00e7e\u015fittir. Express kargo hizmetinde acil durumu olan ve h\u0131zl\u0131 bi\u00e7imde yerine ula\u015fmas\u0131 gereken kargolar mevcuttur. Maliyet olarak pahal\u0131d\u0131r ancak en h\u0131zl\u0131 iletim y\u00f6ntemidir. Ekonomik kargoda ise; ucuz ve h\u0131zl\u0131 \u015fekilde ula\u015f\u0131m sa\u011flanmaktad\u0131r. Express kargoya g\u00f6re aciliyeti olmayan kargolar bu \u015fekilde hava yolu ile iletilmektedir.<\/p>\n\n\n\n<h3 class=\"wp-block-heading\"><strong>T\u00dcRK\u0130YE\u2019DEN KENYA\u2019YA U\u00c7AK KARGO H\u0130ZMET\u0130<\/strong><\/h3>\n\n\n\n<p>T\u00fcrkiye ile Kenya aras\u0131nda yap\u0131lan g\u00f6nderim i\u015flemlerinde, uzun y\u0131llar bu sekt\u00f6rde hizmet vermenin ve ald\u0131\u011f\u0131m\u0131z olumlu sonu\u00e7lar\u0131n tecr\u00fcbesi ile hizmet vermekteyiz. Kargonuzun boyutu bizim a\u00e7\u0131m\u0131zdan fark etmeksizin her kargonuza ayn\u0131 hassasiyeti g\u00f6stererek iletilmesini sa\u011fl\u0131yor ve memnuniyetinizi her daim \u00f6n planda tutuyoruz.<\/p>\n\n\n\n<h3 class=\"wp-block-heading\"><strong>T\u00dcM D\u00dcNYA \u00dcLKELER\u0130NE KARGO G\u00d6NDER\u0130M\u0130<\/strong><\/h3>\n\n\n\n<p>\u00a0H\u0131zl\u0131 ve etkili \u015fekilde yapt\u0131\u011f\u0131m\u0131z bu g\u00f6nderim i\u015flemlerinde b\u00fcy\u00fck k\u00fc\u00e7\u00fck fark etmeden kargolar\u0131n\u0131z\u0131 d\u00fcnyan\u0131n 4 bir yan\u0131na g\u00f6nderiyor ve \u00e7\u00f6z\u00fcme ula\u015ft\u0131r\u0131yoruz. Bu \u015fekilde \u00e7al\u0131\u015fma sistemimiz sayesinde uzun y\u0131llard\u0131r bu alanda m\u00fc\u015fterilerimize hizmet vermekteyiz.<\/p>\n\n\n\n<h3 class=\"wp-block-heading\"><strong>KENYA\u2019YA KARGO NASIL G\u00d6NDER\u0130L\u0130R?<\/strong><\/h3>\n\n\n\n<p>\u00c7a\u011fr\u0131 merkezimiz ile ge\u00e7ece\u011finiz irtibat sonucunda, verdi\u011finiz bilgiler \u0131\u015f\u0131\u011f\u0131nda kargo kayd\u0131n\u0131z olu\u015fturulup, fiyat hesaplamalar\u0131n\u0131z yap\u0131lmaktad\u0131r. E\u011fer \u0130stanbul i\u00e7erisinde ikamet ediyorsan\u0131z kargolar\u0131n\u0131z adresinizden teslim al\u0131n\u0131r. \u0130stanbul d\u0131\u015f\u0131ndaysan\u0131z, \u0130stanbul merkezli ofisimize g\u00f6nderilerinizi kargolayabilirsiniz.G\u0131da \u00fczerinden yap\u0131lacak g\u00f6nderimler i\u00e7in ayr\u0131ca g\u0131da \u00fcretim sertifikan\u0131z\u0131 \u00f6ncelik olarak iletmeniz gerekmektedir.<\/p>\n\n\n\n<h3 class=\"wp-block-heading\"><strong>KENYA KARGO \u00dcCRET\u0130 NEYE G\u00d6RE HESAPLANIR?<\/strong><\/h3>\n\n\n\n<p>Yurt d\u0131\u015f\u0131 kargo g\u00f6nderim kriterleri, a\u011f\u0131rl\u0131k boyut ve servis se\u00e7imi ile belirlenmektedir. \u0130lk olarak kargonuzun a\u011f\u0131rl\u0131\u011f\u0131na bak\u0131l\u0131r. Fiyat hesaplamas\u0131 yap\u0131l\u0131rken hacim a\u011f\u0131rl\u0131\u011f\u0131 yap\u0131l\u0131r ve boyutlar\u0131 \u00f6l\u00e7\u00fcl\u00fcr. Fiyatlar\u0131n belirlenmesinde en \u00f6nemli fakt\u00f6rd\u00fcr.<\/p>\n\n\n\n<h3 class=\"wp-block-heading\"><strong>KENYA KARGO TAK\u0130P SORGULAMA S\u0130STEM\u0130<\/strong><\/h3>\n\n\n\n<p>Kargolar\u0131n\u0131z\u0131n paketleme i\u015fleminden itibaren edinece\u011finiz kargo takip numaras\u0131 ile kargonuz hakk\u0131nda nerede oldu\u011fu ve yap\u0131lan i\u015flemler gibi hassas bilgilere ula\u015fabilirsiniz. en h\u0131zl\u0131 \u015fekilde takip i\u015flemini ger\u00e7ekle\u015ftirmek i\u00e7in kargo takip sorgulama sayfas\u0131ndan takip numaran\u0131z ile arama yapabilirsiniz. Teslim yap\u0131lana kadar istedi\u011finiz zaman kargonuzun durumu ile alakal\u0131 bilgi alabilir ve kontrol edebilirsiniz.<\/p>\n\n\n\n<h3 class=\"wp-block-heading\"><strong>KENYA KARGO HAC\u0130M A\u011eIRLI\u011eI HESAPLAMA<\/strong><\/h3>\n\n\n\n<p>Hacim a\u011f\u0131rl\u0131\u011f\u0131 hesaplama i\u015flemindeki ama\u00e7 kargonun kriterlerinin belirlenerek fiyat seviyesi ortaya \u00e7\u0131kar\u0131lmas\u0131d\u0131r. Kargo g\u00f6nderim i\u015flemlerinde k\u00fc\u00e7\u00fck birimler bile kargonun fiyat\u0131na etki edebilmektedir. Bu sebeple hassasiyet gerektiren bir i\u015flemdir. Alan\u0131nda uzman personeller ve g\u00fcvenilir bir \u015firket ar\u0131yorsan\u0131z, en do\u011fru sonuca en kolay yoldan ula\u015fmak i\u00e7in bizimle ileti\u015fime ge\u00e7ebilir ve kaliteli hizmetimizden yararlanabilirsiniz.\u00a0<\/p>\n\n\n\n<p class=\"has-text-color\" style=\"color: #ffffff;\"><strong>Nas\u0131l Kargo G\u00f6nderilir<\/strong><br \/>7\/24 <strong>destek <\/strong>alabilirsiniz.<\/p>\n","protected":false},"excerpt":{"rendered":"<p>Kenya Yurt D\u0131\u015f\u0131 Kargo Kenya Yurt D\u0131\u015f\u0131 Kargo Do\u011fu Afrika\u2019n\u0131n en bilinen \u00fclkesi olan Kenya\u2019ya iletilmesi gereken kargolar\u0131n\u0131z direkt olarak<\/p>\n","protected":false},"author":2,"featured_media":0,"parent":0,"menu_order":0,"comment_status":"closed","ping_status":"closed","template":"","meta":{"footnotes":""},"class_list":["post-1426","page","type-page","status-publish","hentry","comments-off"],"_links":{"self":[{"href":"https:\/\/ucakkargo.org\/kargo\/wp-json\/wp\/v2\/pages\/1426","targetHints":{"allow":["GET"]}}],"collection":[{"href":"https:\/\/ucakkargo.org\/kargo\/wp-json\/wp\/v2\/pages"}],"about":[{"href":"https:\/\/ucakkargo.org\/kargo\/wp-json\/wp\/v2\/types\/page"}],"author":[{"embeddable":true,"href":"https:\/\/ucakkargo.org\/kargo\/wp-json\/wp\/v2\/users\/2"}],"replies":[{"embeddable":true,"href":"https:\/\/ucakkargo.org\/kargo\/wp-json\/wp\/v2\/comments?post=1426"}],"version-history":[{"count":0,"href":"https:\/\/ucakkargo.org\/kargo\/wp-json\/wp\/v2\/pages\/1426\/revisions"}],"wp:attachment":[{"href":"https:\/\/ucakkargo.org\/kargo\/wp-json\/wp\/v2\/media?parent=1426"}],"curies":[{"name":"wp","href":"https:\/\/api.w.org\/{rel}","templated":true}]}}