{"id":1480,"date":"2019-01-16T19:51:27","date_gmt":"2019-01-16T19:51:27","guid":{"rendered":"http:\/\/www.ucakkargo.net\/?page_id=1480"},"modified":"2019-01-16T19:51:27","modified_gmt":"2019-01-16T19:51:27","slug":"luksemburg-yurt-disi-kargo","status":"publish","type":"page","link":"https:\/\/ucakkargo.org\/kargo\/luksemburg-yurt-disi-kargo\/","title":{"rendered":"L\u00fcksemburg Yurt D\u0131\u015f\u0131 Kargo"},"content":{"rendered":"\n<h3 class=\"wp-block-heading\">L\u00fcksemburg Yurt D\u0131\u015f\u0131 Kargo<\/h3>\n\n\n\n<p>L\u00fcksemburg\u2019a yollayaca\u011f\u0131n\u0131z kargo t\u00fcr\u00fc ve i\u00e7eri\u011fi ne olursa olsun t\u00fcm g\u00f6nderilerinizi zaman\u0131nda teslimat prensibimize uyarak g\u00f6nderebilmekteyiz. Alan\u0131nda uzmanla\u015fan deneyimli ekibimiz ile g\u00fcncel t\u00fcm g\u00fcmr\u00fck kanunlar\u0131 takip alt\u0131nda olup m\u00fc\u015fteriye ek bir i\u015flem yapt\u0131rmadan ve dahi oturdu\u011fu yerden bile kalkmadan t\u00fcm kargolar\u0131n\u0131z\u0131 adresinizden alarak adrese iletebilmekteyiz. L\u00fcksemburg Yurt D\u0131\u015f\u0131 Kargo<\/p>\n\n\n\n<figure class=\"wp-block-image\"><img decoding=\"async\" src=\"https:\/\/gezimanya.com\/sites\/default\/files\/styles\/900x636\/public\/Luxembourg-2012-234_web-lrg.jpg?itok=0my1Ehbj\" alt=\"Yurt D\u0131\u015f\u0131 Kargo\" \/><\/figure>\n\n\n\n<h3 class=\"wp-block-heading\">L\u00fcksemburg Kargo Hesaplamas\u0131 Neye G\u00f6re Yap\u0131l\u0131r?<\/h3>\n\n\n\n<p>Kargo hesaplamas\u0131n\u0131 tam olarak yapabilmemiz i\u00e7in a\u015fa\u011f\u0131daki bilgileri bizlere iletmeniz gerekmektedir;<\/p>\n\n\n\n<ul class=\"wp-block-list\">\n<li>Al\u0131c\u0131 ve g\u00f6nderici adresleri<\/li>\n<li>Kargo i\u00e7eri\u011fi<\/li>\n<li>Kargo a\u011f\u0131rl\u0131\u011f\u0131<\/li>\n<li>Kargo hacmi<\/li>\n<li>Kargo \u00f6l\u00e7\u00fcleri<\/li>\n<\/ul>\n\n\n\n<p>Hesaplama yap\u0131l\u0131rken hacim baz al\u0131nmaktad\u0131r. Hacim a\u011f\u0131rl\u0131\u011f\u0131 ise a\u015fa\u011f\u0131daki form\u00fcl kullan\u0131larak hesaplanmaktad\u0131r;<\/p>\n\n\n\n<h3 class=\"wp-block-heading\">En * boy * y\u00fckseklik \/ 5000<\/h3>\n\n\n\n<p>Yukar\u0131daki form\u00fcle g\u00f6re 20 kg a\u011f\u0131rl\u0131\u011f\u0131ndaki bir kargonuzun hacim a\u011f\u0131rl\u0131\u011f\u0131 15 kg \u00e7\u0131kmaktad\u0131r. Elbette net bir \u00fccret tarifesi \u00e7\u0131kartabilmemiz i\u00e7in bu form\u00fcl yeterli kalmamaktad\u0131r. Bu nedenle kargonuz hakk\u0131nda sorulan bu bilgileri firmam\u0131z\u0131 arayarak iletebilir ve fiyat teklifimizi alabilirsiniz.<\/p>\n\n\n\n<h3 class=\"wp-block-heading\">L\u00fcksemburg\u2019a Neler G\u00f6nderebilirim?<\/h3>\n\n\n\n<p>Gerek T\u00fcrk Ticaret Kanunu gerekse L\u00fcksemburg G\u00fcmr\u00fck Kanunlar\u0131 ele al\u0131narak uyumlu t\u00fcm kargolar\u0131n\u0131z\u0131 g\u00f6nderebiliriz. Neler g\u00f6nderebilece\u011finize dair birka\u00e7 \u00f6rnek verecek olursak;<\/p>\n\n\n\n<ul class=\"wp-block-list\">\n<li>\u0130la\u00e7, kan gibi t\u0131bbi numuneler, g\u0131dalar, besin takviyeleri, makyaj malzemeleri<\/li>\n<li>Makineler, yedek par\u00e7alar\u0131, dekorasyon \u00fcr\u00fcnleri, in\u015faat malzemeleri<\/li>\n<li>Hal\u0131 ve tekstil \u00fcr\u00fcnleri, elektronik \u00fcr\u00fcnler, ev aletleri, kozmetik \u00fcr\u00fcnler<\/li>\n<\/ul>\n\n\n\n<p>Gibi \u00fcr\u00fcnlerin ta\u015f\u0131mac\u0131l\u0131\u011f\u0131n\u0131n yan\u0131 s\u0131ra kargonuz tek sayfadan olu\u015fan bir belge dahi olabilir.<\/p>\n\n\n\n<h3 class=\"wp-block-heading\">L\u00fcksemburg Yurt D\u0131\u015f\u0131 Kargo Nas\u0131l Kargo G\u00f6nderebilirim?<\/h3>\n\n\n\n<p>Havayolu ta\u015f\u0131mac\u0131l\u0131\u011f\u0131m\u0131z\u0131 se\u00e7erek en k\u0131sa zamanda g\u00fcven i\u00e7erisinde kargonuzun iletilmesini sa\u011flayabilirsiniz. \u0130htiya\u00e7lar\u0131n\u0131za g\u00f6re iki ayr\u0131 L\u00fcksemburg Hava Kargo ta\u015f\u0131mac\u0131l\u0131\u011f\u0131 paketimiz mevcuttur;<\/p>\n\n\n\n<ol class=\"wp-block-list\">\n<li>L\u00fcksemburg Express Kargo<\/li>\n<\/ol>\n\n\n\n<p>Bu ta\u015f\u0131mac\u0131l\u0131k paketimiz acil kargolar\u0131n\u0131z i\u00e7indir. Ortalama iletim s\u00fcresi 24 saati ge\u00e7memektedir.<\/p>\n\n\n\n<ul class=\"wp-block-list\">\n<li>L\u00fcksemburg Ekonomik U\u00e7ak Kargo<\/li>\n<\/ul>\n\n\n\n<p>Bu kargo ta\u015f\u0131mac\u0131l\u0131\u011f\u0131 hizmetimiz ise daha uygun b\u00fct\u00e7elerle materyallerinizin ta\u015f\u0131nmas\u0131n\u0131 sa\u011flamak i\u00e7indir. Ortalama teslimat s\u00fcresi ise 3 \u2013 4 g\u00fcnd\u00fcr.<\/p>\n\n\n\n<p>Kargo g\u00f6nderileriniz \u0130stanbul i\u00e7inde ise servis arac\u0131 talep ederek kap\u0131n\u0131za gelmemizi isteyebilir ve hatta kargolar\u0131n\u0131z\u0131n kolilenmesini bile isteyebilirsiniz. Gerekli g\u00fcvenlik \u00f6nlemleri al\u0131narak kargolar\u0131n\u0131z zarar g\u00f6rmeden L\u00fcksemburg U\u00e7ak Kargosuna y\u00fcklenir ve adresine iletilene kadar t\u00fcm a\u015famalar L\u00fcksemburg Kargo Takip sistemine aktar\u0131l\u0131r. Sizler de kargo durumlar\u0131n\u0131z\u0131 anl\u0131k olarak bu sistemden takip edebilirsiniz. Kargo a\u015famalar\u0131 ayn\u0131 zamanda cep telefonunuza anl\u0131k sms yolu ile de iletilmektedir.<\/p>\n\n\n\n<p class=\"has-text-color\" style=\"color: #ffffff;\"><strong>Nas\u0131l Kargo G\u00f6nderilir<\/strong><br \/>7\/24 <strong>destek <\/strong>alabilirsiniz.<\/p>\n","protected":false},"excerpt":{"rendered":"<p>L\u00fcksemburg Yurt D\u0131\u015f\u0131 Kargo L\u00fcksemburg\u2019a yollayaca\u011f\u0131n\u0131z kargo t\u00fcr\u00fc ve i\u00e7eri\u011fi ne olursa olsun t\u00fcm g\u00f6nderilerinizi zaman\u0131nda teslimat prensibimize uyarak g\u00f6nderebilmekteyiz.<\/p>\n","protected":false},"author":2,"featured_media":0,"parent":0,"menu_order":0,"comment_status":"closed","ping_status":"closed","template":"","meta":{"footnotes":""},"class_list":["post-1480","page","type-page","status-publish","hentry","comments-off"],"_links":{"self":[{"href":"https:\/\/ucakkargo.org\/kargo\/wp-json\/wp\/v2\/pages\/1480","targetHints":{"allow":["GET"]}}],"collection":[{"href":"https:\/\/ucakkargo.org\/kargo\/wp-json\/wp\/v2\/pages"}],"about":[{"href":"https:\/\/ucakkargo.org\/kargo\/wp-json\/wp\/v2\/types\/page"}],"author":[{"embeddable":true,"href":"https:\/\/ucakkargo.org\/kargo\/wp-json\/wp\/v2\/users\/2"}],"replies":[{"embeddable":true,"href":"https:\/\/ucakkargo.org\/kargo\/wp-json\/wp\/v2\/comments?post=1480"}],"version-history":[{"count":0,"href":"https:\/\/ucakkargo.org\/kargo\/wp-json\/wp\/v2\/pages\/1480\/revisions"}],"wp:attachment":[{"href":"https:\/\/ucakkargo.org\/kargo\/wp-json\/wp\/v2\/media?parent=1480"}],"curies":[{"name":"wp","href":"https:\/\/api.w.org\/{rel}","templated":true}]}}