{"id":1562,"date":"2019-01-16T19:51:28","date_gmt":"2019-01-16T19:51:28","guid":{"rendered":"http:\/\/www.ucakkargo.net\/?page_id=1562"},"modified":"2019-01-16T19:51:28","modified_gmt":"2019-01-16T19:51:28","slug":"rusya-yurt-disi-kargo","status":"publish","type":"page","link":"https:\/\/ucakkargo.org\/kargo\/rusya-yurt-disi-kargo\/","title":{"rendered":"Rusya Yurt D\u0131\u015f\u0131 Kargo"},"content":{"rendered":"\n<h3 class=\"wp-block-heading\">Rusya Yurt D\u0131\u015f\u0131 Kargo<\/h3>\n\n\n\n<p>H\u0131zl\u0131 teslimat s\u00fcrelerimiz ile Rusya\u2019da bulunan t\u00fcm hava alanlar\u0131na g\u00f6nderim yapabilen firmam\u0131z arac\u0131l\u0131\u011f\u0131 ile elektronik \u00fcr\u00fcnlerinden ev tekstil \u00fcr\u00fcnlerine, elektronik \u00fcr\u00fcnlerden g\u0131da takviyelerine, kozmetik makyaj bak\u0131m \u00fcr\u00fcnlerinden ila\u00e7 gibi \u00fcr\u00fcnlere dek diledi\u011finiz kargo g\u00f6nderilerinizi en k\u0131sa s\u00fcrede adresten al\u0131p adrese teslimini sa\u011fl\u0131yoruz. Bunun i\u00e7in tek yapman\u0131z gereken kargo g\u00f6nderileriniz hakk\u0131nda a\u011f\u0131rl\u0131k, adet, \u00f6l\u00e7\u00fc gibi bilgileri bizlere iletmeniz yeterlidir. Rusya Yurt D\u0131\u015f\u0131 Kargo<\/p>\n\n\n\n<figure class=\"wp-block-image\"><img decoding=\"async\" src=\"https:\/\/gezimanya.com\/sites\/default\/files\/styles\/650xheight\/public\/russia-30_3339166b.jpg?itok=w6cf6Jxw\" alt=\"Yurt D\u0131\u015f\u0131 Kargo\" \/><\/figure>\n\n\n\n<h3 class=\"wp-block-heading\">Rusya Hava Kargo<\/h3>\n\n\n\n<p>T\u00fcrkiye\u2019den Rusya\u2019ya ya da Rusya\u2019dan T\u00fcrkiye\u2019ye g\u00f6ndermek istedi\u011finiz t\u00fcm evrak, kat\u0131 \u2013 s\u0131v\u0131 maddeleri kap\u0131n\u0131zdan alarak diledi\u011finiz adresin kap\u0131s\u0131na dek ula\u015ft\u0131ran deneyimli firmam\u0131z g\u00fcncel g\u00fcmr\u00fck i\u015flemleri dahil t\u00fcm yasal mevzuatlar\u0131 yerine getirmektedir. Kargo g\u00f6nderim s\u00fcrecinin herhangi bir a\u015famas\u0131nda m\u00fc\u015fterinin dahil olmas\u0131na gerek kalmamaktad\u0131r. T\u00fcm a\u015famalar\u0131 ise Rusya Kargo Takip Sistemimiz arac\u0131l\u0131\u011f\u0131 ile oturdu\u011funuz yerden g\u00f6r\u00fcnt\u00fcleyebilirsiniz.<\/p>\n\n\n\n<h3 class=\"wp-block-heading\">Rusya Yurt D\u0131\u015f\u0131 Kargo<\/h3>\n\n\n\n<p>Rusya\u2019ya g\u00f6nderece\u011finiz kargolar\u0131n\u0131zda hava ta\u015f\u0131mac\u0131l\u0131\u011f\u0131n\u0131 se\u00e7ecek olursan\u0131z iki ayr\u0131 tarife paketimizi tan\u0131tabiliriz.<\/p>\n\n\n\n<ol class=\"wp-block-list\">\n<li>Rusya Express U\u00e7ak Kargo:<\/li>\n<\/ol>\n\n\n\n<p>Bu kargo se\u00e7ene\u011fimizi h\u0131zl\u0131 veya acil olarak g\u00f6ndermeniz gereken kargolar\u0131n\u0131zda tercih etmenizi \u00f6neririz. Standart g\u00f6nderime g\u00f6re \u00e7ok h\u0131zl\u0131 bir tarife olmas\u0131 sebebi ile di\u011fer ta\u015f\u0131mac\u0131l\u0131k \u00e7e\u015fitlerine g\u00f6re olduk\u00e7a maliyetlidir. Express se\u00e7ene\u011fimizde t\u00fcm kargo g\u00f6nderileriniz 24 saat i\u00e7erisinde teslim edilebilmektedir.<\/p>\n\n\n\n<ul class=\"wp-block-list\">\n<li>Rusya Ekonomik U\u00e7ak Kargo:<\/li>\n<\/ul>\n\n\n\n<p>Express tarifemizde olan t\u00fcm ek hizmetler mevcuttur. Daha ucuz maliyetlerle kargolar\u0131n\u0131z\u0131 g\u00f6nderebilirsiniz. Adresten al\u0131nan kargolar\u0131n\u0131z Rusya\u2019da belirtti\u011finiz adresin kap\u0131s\u0131na ortalama 3 g\u00fcn i\u00e7erisinde g\u00f6nderilir.<\/p>\n\n\n\n<h3 class=\"wp-block-heading\">Rusya Kargo Hesaplamas\u0131 Neye G\u00f6re Yap\u0131l\u0131r?<\/h3>\n\n\n\n<p>A\u015fa\u011f\u0131daki bilgileri Pazar g\u00fcn\u00fc hari\u00e7 haftan\u0131n diledi\u011finiz g\u00fcn\u00fc m\u00fc\u015fteri ileti\u015fim hatt\u0131m\u0131za iletmeniz durumunda gerekli tarifeler, ek hizmetler, paketler t\u00fcm detaylar\u0131 ile sizlere ula\u015ft\u0131r\u0131lmaktad\u0131r. Diledi\u011finiz ta\u015f\u0131mac\u0131l\u0131k ve ek hizmet tarifelerini se\u00e7erek bizlere iletmeniz durumunda adresinize derhal bir servis arac\u0131l\u0131 \u00e7\u0131kart\u0131l\u0131r. Elbette bu hizmet sizin talebinize g\u00f6re de\u011fi\u015fir. Dilerseniz kargolar\u0131n\u0131z\u0131 kendiniz de bizlere teslim edebilirsiniz. Adresinizden alan kargolar usullere uygun olarak paketlenmemi\u015f ise ekibimiz taraf\u0131ndan gerekli i\u015flemler yap\u0131l\u0131r. \u0130\u015flemlerin ard\u0131ndan h\u0131zla en yak\u0131n hava alan\u0131na g\u00f6nderilir. Akabinde Rusya U\u00e7ak Kargosuna y\u00fcklemesi yap\u0131larak en k\u0131sa s\u00fcrede iletimi ger\u00e7ekle\u015ftirilir.<\/p>\n\n\n\n<ul class=\"wp-block-list\">\n<li>Al\u0131c\u0131 ve g\u00f6nderici adresi<\/li>\n<li>Kargonuzun t\u00fcr\u00fc<\/li>\n<li>Kargo \u00f6l\u00e7\u00fcleri, a\u011f\u0131rl\u0131klar\u0131<\/li>\n<\/ul>\n\n\n\n<p>Ek olarak 150 kilonun alt\u0131nda kalan kargolar\u0131n\u0131zdan ek bir vergi \u00fccreti ya da i\u015flem \u00fccreti talep edilmedi\u011fini belirtmek isteriz.<\/p>\n\n\n\n<p class=\"has-text-color\" style=\"color: #ffffff;\"><strong>Nas\u0131l Kargo G\u00f6nderilir<\/strong><br \/>7\/24 <strong>destek <\/strong>alabilirsiniz.<\/p>\n","protected":false},"excerpt":{"rendered":"<p>Rusya Yurt D\u0131\u015f\u0131 Kargo H\u0131zl\u0131 teslimat s\u00fcrelerimiz ile Rusya\u2019da bulunan t\u00fcm hava alanlar\u0131na g\u00f6nderim yapabilen firmam\u0131z arac\u0131l\u0131\u011f\u0131 ile elektronik \u00fcr\u00fcnlerinden<\/p>\n","protected":false},"author":2,"featured_media":0,"parent":0,"menu_order":0,"comment_status":"closed","ping_status":"closed","template":"","meta":{"footnotes":""},"class_list":["post-1562","page","type-page","status-publish","hentry","comments-off"],"_links":{"self":[{"href":"https:\/\/ucakkargo.org\/kargo\/wp-json\/wp\/v2\/pages\/1562","targetHints":{"allow":["GET"]}}],"collection":[{"href":"https:\/\/ucakkargo.org\/kargo\/wp-json\/wp\/v2\/pages"}],"about":[{"href":"https:\/\/ucakkargo.org\/kargo\/wp-json\/wp\/v2\/types\/page"}],"author":[{"embeddable":true,"href":"https:\/\/ucakkargo.org\/kargo\/wp-json\/wp\/v2\/users\/2"}],"replies":[{"embeddable":true,"href":"https:\/\/ucakkargo.org\/kargo\/wp-json\/wp\/v2\/comments?post=1562"}],"version-history":[{"count":0,"href":"https:\/\/ucakkargo.org\/kargo\/wp-json\/wp\/v2\/pages\/1562\/revisions"}],"wp:attachment":[{"href":"https:\/\/ucakkargo.org\/kargo\/wp-json\/wp\/v2\/media?parent=1562"}],"curies":[{"name":"wp","href":"https:\/\/api.w.org\/{rel}","templated":true}]}}