{"id":1621,"date":"2019-01-16T19:51:29","date_gmt":"2019-01-16T19:51:29","guid":{"rendered":"http:\/\/www.ucakkargo.net\/?page_id=1621"},"modified":"2019-01-16T19:51:29","modified_gmt":"2019-01-16T19:51:29","slug":"suriye-yurt-disi-kargo","status":"publish","type":"page","link":"https:\/\/ucakkargo.org\/kargo\/suriye-yurt-disi-kargo\/","title":{"rendered":"Suriye Yurt Disi Kargo"},"content":{"rendered":"\n<h3 class=\"wp-block-heading\">Suriye Yurt Disi Kargo<\/h3>\n\n\n\n<p>Kom\u015fu \u00fclkelerinden olan Suriye\u2019ye hem kara yolu hem de hava yolu kullanarak ta\u015f\u0131mac\u0131l\u0131k yapabilmekteyiz. \u0130ster bireysel olsun ister kurumsal t\u00fcm g\u00f6nderilerinizi h\u0131zla ve g\u00fcven i\u00e7erisinde iletebilen deneyimli ekibimiz Suriye dahil d\u00fcnya \u00fczerinde yakla\u015f\u0131k 200 \u00fclkeye g\u00f6nderim yapabilmektedir. Hizmetlerimiz yaln\u0131zca T\u00fcrkiye\u2019den Suriye\u2019ye kargo g\u00f6nderimi ile s\u0131n\u0131rl\u0131 de\u011fildir. Diledi\u011finiz kargolar\u0131n Suriye\u2019den T\u00fcrkiye\u2019ye gelmesini de sa\u011flamaktay\u0131z. Ayn\u0131 zamanda bu hizmetler \u00e7er\u00e7evesinde g\u00f6nderilerinizin bizzat paketlenmesi, takip edilmesi, t\u0131r ya da u\u00e7a\u011fa y\u00fcklenmesi gibi i\u015flemleri de ger\u00e7ekle\u015ftirmekteyiz. Suriye Yurt D\u0131\u015f\u0131 Kargo<\/p>\n\n\n\n<figure class=\"wp-block-image\"><img decoding=\"async\" src=\"https:\/\/res.cloudinary.com\/turna\/image\/upload\/q_auto\/v1499792847\/Sam-Suriye_uxehqp.jpg\" alt=\"Yurt D\u0131\u015f\u0131 Kargo\" \/><\/figure>\n\n\n\n<h3 class=\"wp-block-heading\">Suriye Yurt D\u0131\u015f\u0131 Kargo<\/h3>\n\n\n\n<p>Suriye\u2019den \u00fclkemizde ya da \u00fclkemizden Suriye\u2019ye g\u00f6nderece\u011finiz t\u00fcm materyalleri hava kargo se\u00e7ene\u011fi ile g\u00f6nderdi\u011finizde \u00e7ok h\u0131zl\u0131 ve ekstra g\u00fcvenlikli olarak ula\u015f\u0131m\u0131n\u0131 sa\u011flayabilirsiniz. \u00dcstelik kargolar\u0131n\u0131z 150 kg ve alt\u0131nda ise herhangi bir ek vergi ve i\u015flem \u00fccreti de \u00f6demiyorsunuz.<\/p>\n\n\n\n<h3 class=\"wp-block-heading\">Suriye U\u00e7ak Kargo<\/h3>\n\n\n\n<p>Suriye \u2013 T\u00fcrkiye aras\u0131nda ger\u00e7ekle\u015fen kurumsal ya da bireysel \u00fcr\u00fcn ticareti \u2013 g\u00f6nderimi iki ana kategoriye ayr\u0131lmaktad\u0131r. Bunlardan ilki acil olarak g\u00f6ndermek istedi\u011finiz kargolar\u0131n\u0131z i\u00e7in ge\u00e7erli olan Express Suriye U\u00e7ak Kargo\u2019dur. Bu kargo tipini se\u00e7erseniz en ge\u00e7 24 saat i\u00e7erisinde adresinizden teslim ald\u0131\u011f\u0131m\u0131z \u00fcr\u00fcnlerinizi Suriye\u2019de belirtti\u011finiz adresin kap\u0131s\u0131na kadar teslim edebiliyoruz. Acil kodu ile g\u00f6nderildi\u011fi i\u00e7in biraz daha pahal\u0131 olan bu se\u00e7enek ihtiya\u00e7 halinde hizmetlerimiz kapsam\u0131ndad\u0131r. Bir di\u011fer se\u00e7enek ise Suriye Ekonomik Hava Kargo se\u00e7ene\u011fidir. Bu paketimiz Express pakete g\u00f6re \u00e7ok daha ucuz olmakla beraber ayn\u0131 hizmetler ge\u00e7erlidir.\u00a0 K\u0131sacas\u0131 hizmet kalitesinde bir d\u00fc\u015f\u00fc\u015f yoktur sadece g\u00f6nderim s\u00fcresi biraz uzamaktad\u0131r. Bu se\u00e7enekte en ge\u00e7 3 g\u00fcn i\u00e7erisinde g\u00f6nderim yap\u0131labilmektedir.<\/p>\n\n\n\n<h3 class=\"wp-block-heading\">Suriye\u2019ye Kargo Nas\u0131l G\u00f6nderilir<\/h3>\n\n\n\n<p>Suriye\u2019ye g\u00f6nderece\u011finiz kargolar\u0131n\u0131z i\u00e7in deneyimli olan firmam\u0131z\u0131n \u00e7a\u011fr\u0131 merkezini araman\u0131z yeterlidir. Ya da internet sitemizde bulunan ileti\u015fim formunu kullanarak bizlere ula\u015fabilirsiniz. Bizimle ileti\u015fime ge\u00e7erken a\u015fa\u011f\u0131da yer alan sorular\u0131n yan\u0131tlar\u0131n\u0131 haz\u0131rlaman\u0131z size geri d\u00f6n\u00fc\u015f\u00fcm\u00fcz\u00fc h\u0131zland\u0131racakt\u0131r;<\/p>\n\n\n\n<ul class=\"wp-block-list\">\n<li>Al\u0131c\u0131 ve g\u00f6nderici adresleri<\/li>\n<li>\u00dcr\u00fcnlerinizin adet \u2013 a\u011f\u0131rl\u0131k \u2013 \u00f6l\u00e7\u00fc bilgileri<\/li>\n<li>G\u00f6nderi t\u00fcr\u00fc<\/li>\n<\/ul>\n\n\n\n<h3 class=\"wp-block-heading\">Suriye Kargo \u00dccretleri Nas\u0131l Hesaplan\u0131r?<\/h3>\n\n\n\n<p>Bu hesab\u0131 sizler net olarak yapamazs\u0131n\u0131z. Bunun nedeni yukar\u0131da ad\u0131 ge\u00e7en bilgilerin bizlere iletilmesinin gereklili\u011fi ile ba\u015flar. Ancak g\u00f6nderilerinizin t\u00fcr\u00fc de bu fiyat tarifesini b\u00fcy\u00fck oranda de\u011fi\u015ftirmektedir. \u00d6rne\u011fin g\u00f6nderece\u011finiz materyaller ila\u00e7 kategorisine giren maddelerden olu\u015fuyor ise MSDS T\u00fcrk Ticaret Kanunu baz al\u0131n\u0131r ve bu kurallar \u00e7er\u00e7evesinde de\u011ferlendirilir. Ayn\u0131 zamanda ek belge olarak \u00fcr\u00fcnlerin analiz raporlar\u0131 talep edilmektedir. Bu nedenle tam \u00fccreti sizlere iletebilmemiz i\u00e7in g\u00f6nderece\u011finiz kargo hakk\u0131nda detayl\u0131 bilgi vermeniz gerekmektedir. Bu bilgileri ald\u0131ktan sonra taraf\u0131n\u0131za en k\u0131sa s\u00fcrede d\u00f6n\u00fc\u015f yap\u0131larak en uygun \u00fccretlerle Suriye \u2013 T\u00fcrkiye, T\u00fcrkiye \u2013 Suriye kargo g\u00f6nderimlerinizi sa\u011flayabiliriz.<\/p>\n\n\n\n<p class=\"has-text-color\" style=\"color: #ffffff;\"><strong>Nas\u0131l Kargo G\u00f6nderilir<\/strong><br \/>7\/24 <strong>destek <\/strong>alabilirsiniz.<\/p>\n","protected":false},"excerpt":{"rendered":"<p>Suriye Yurt Disi Kargo Kom\u015fu \u00fclkelerinden olan Suriye\u2019ye hem kara yolu hem de hava yolu kullanarak ta\u015f\u0131mac\u0131l\u0131k yapabilmekteyiz. \u0130ster bireysel<\/p>\n","protected":false},"author":2,"featured_media":0,"parent":0,"menu_order":0,"comment_status":"closed","ping_status":"closed","template":"","meta":{"footnotes":""},"class_list":["post-1621","page","type-page","status-publish","hentry","comments-off"],"_links":{"self":[{"href":"https:\/\/ucakkargo.org\/kargo\/wp-json\/wp\/v2\/pages\/1621","targetHints":{"allow":["GET"]}}],"collection":[{"href":"https:\/\/ucakkargo.org\/kargo\/wp-json\/wp\/v2\/pages"}],"about":[{"href":"https:\/\/ucakkargo.org\/kargo\/wp-json\/wp\/v2\/types\/page"}],"author":[{"embeddable":true,"href":"https:\/\/ucakkargo.org\/kargo\/wp-json\/wp\/v2\/users\/2"}],"replies":[{"embeddable":true,"href":"https:\/\/ucakkargo.org\/kargo\/wp-json\/wp\/v2\/comments?post=1621"}],"version-history":[{"count":0,"href":"https:\/\/ucakkargo.org\/kargo\/wp-json\/wp\/v2\/pages\/1621\/revisions"}],"wp:attachment":[{"href":"https:\/\/ucakkargo.org\/kargo\/wp-json\/wp\/v2\/media?parent=1621"}],"curies":[{"name":"wp","href":"https:\/\/api.w.org\/{rel}","templated":true}]}}