{"id":1776,"date":"2019-01-16T19:51:32","date_gmt":"2019-01-16T19:51:32","guid":{"rendered":"http:\/\/www.ucakkargo.net\/?page_id=1776"},"modified":"2019-01-16T19:51:32","modified_gmt":"2019-01-16T19:51:32","slug":"yurt-ici-acil-kurye-2","status":"publish","type":"page","link":"https:\/\/ucakkargo.org\/kargo\/yurt-ici-acil-kurye-2\/","title":{"rendered":"Yurt \u0130\u00e7i Acil Kurye"},"content":{"rendered":"\n<h3 class=\"wp-block-heading\"><strong>Yurt \u0130\u00e7i Acil Kurye<\/strong><\/h3>\n\n\n<p><strong>Yurt i\u00e7i acil kurye<\/strong> haftan\u0131n her g\u00fcn\u00fc ve her saatinde \u00f6nemli dosya ve evrak belge gibi \u00f6nemli belgeleri ta\u015f\u0131yan&nbsp; bir t\u00fcr kargo hizmetidir. Kuryelerin kargolar\u0131ndan fark\u0131 motosikletler ile hizmet veriyor olmas\u0131d\u0131r. Firmam\u0131z b\u00fcnyesinde haftan\u0131n her g\u00fcn\u00fc 7\/24 saat boyunca sunulan&nbsp; acil kurye hizmetleri sayesinde g\u00f6nderinizi adresine istedi\u011fini zamanda ula\u015fmaktad\u0131r.<\/p>\n\n\n<figure class=\"wp-block-image\"><img decoding=\"async\" src=\"https:\/\/yurtdisihavakargo.com\/wp-content\/uploads\/2019\/03\/arabal\u0131-kurye-hizmetleri.jpg\" alt=\"Yurt \u0130\u00e7i Acil Kurye\" class=\"wp-image-3682\"\/><\/figure>\n\n\n<h3 class=\"wp-block-heading\"><strong>&nbsp;Kurye Ne \u0130\u015f Yapar?<\/strong><\/h3>\n\n\n<p>B\u00fcy\u00fck ya da k\u00fc\u00e7\u00fck \u00f6l\u00e7ekli\n\u015firketler i\u00e7in olduk\u00e7a \u00f6nemli bir yere sahip olan kurye hizmetleri&nbsp; \u00e7o\u011funlukla da\u011f\u0131t\u0131ma haz\u0131r halde olan dok\u00fcman,\nevrak, \u00fcr\u00fcn,belge, gibi \u00e7ok \u00f6nemli g\u00f6nderileri&nbsp;\nkusursuz bir \u015fekilde ilgili ki\u015fi ya da kurulu\u015flara ula\u015ft\u0131rmakla y\u00fck\u00fcml\u00fc\nhizmet dal\u0131d\u0131r. Planl\u0131 bir \u015fekilde da\u011f\u0131t\u0131m yapmak zorunda olan kurye\n\u00e7al\u0131\u015fanlar\u0131 da\u011f\u0131t\u0131lacak olan g\u00f6nderilerin adreslerini tespit ederek, bu adrese\ngidilmesi gereken en k\u0131sa yollar\u0131 kullan\u0131r ve en k\u0131sa zamanda g\u00f6nderiyi&nbsp; adresine ula\u015ft\u0131r\u0131r. Kargolara g\u00f6re biraz daha\nh\u0131zl\u0131 olan kuryeler motor kullanmay\u0131 bilen motor ehliyetine sahip ki\u015filer\nolmal\u0131d\u0131r. <strong>Yurti\u00e7i acil kurye<\/strong>\ndenildi\u011finde ilk akla gelen firmalar aras\u0131nda yer alan \u015firketimiz i\u015finin ehli\nprofesyonel motor s\u00fcr\u00fcc\u00fcleri ile kurye hizmeti sunmaktad\u0131r. G\u00f6nderilerinizi\nbize teslim etti\u011finiz andan itibaren adresine ula\u015fmas\u0131 i\u00e7in yola \u00e7\u0131kan kurye\nelemanlar\u0131m\u0131z trafik yol g\u00fczergah\u0131 konusunda da olduk\u00e7a bilgili ve deneyimli\nki\u015filerdir. <\/p>\n\n\n<h3 class=\"wp-block-heading\"><strong>Yurt \u0130\u00e7i Acil Kurye Hizmetleri<\/strong><\/h3>\n\n\n<p>Y\u0131llar\u0131n kazand\u0131rm\u0131\u015f oldu\u011fu bilgi\ndeneyim sayesinde kurye sekt\u00f6r\u00fcndeki hizmet a\u011f\u0131m\u0131z\u0131 her ge\u00e7en g\u00fcn geni\u015fletmekte\nve profesyonelle\u015ftirmekteyiz. Siz de\u011ferli m\u00fc\u015fterilerimize sundu\u011fumuz acil kurye\nse\u00e7eneklerimiz sayesinde yapmak istedi\u011finiz i\u015flerinizi zaman\u0131nda yapma f\u0131rsat\u0131\nbulacaks\u0131n\u0131z.&nbsp; Kurumsalfirmam\u0131z b\u00fcnyesinde\nsizlere sunulan acil kurye se\u00e7enekleri \u015funlard\u0131r;<\/p>\n\n\n<ul class=\"wp-block-list\"><li>Acil u\u00e7ak kurye, <\/li><li>Acil arabal\u0131 <strong>yurti\u00e7i acil kurye<\/strong><\/li><li>Acil moto kurye<\/li><li>Acil yurti\u00e7i kurye&nbsp; <\/li><\/ul>\n\n\n<p>Kuryesekt\u00f6r\u00fcne ad\u0131m att\u0131\u011f\u0131m\u0131z\ng\u00fcnden bu yana kaliteyi ve g\u00fcveni \u00f6n planda tutan uzman ekibimiz&nbsp; bulundu\u011fumuz \u015fehir \u00fczerinde haftan\u0131n her\ng\u00fcn\u00fc&nbsp; 7\/24 sat boyunca acil kurye hizmeti\nvermektedir. <\/p>\n\n\n<h3 class=\"wp-block-heading\"><strong>Kap\u0131dan Kap\u0131ya Acil Kurye Nedir?<\/strong><\/h3>\n\n\n<p>Kurye hizmetlerinde kap\u0131dan\nkap\u0131ya acil kurye g\u00f6nderileriniz kap\u0131n\u0131zdan al\u0131n\u0131p&nbsp; ayn\u0131 g\u00fcn i\u00e7erisinde i\u00e7erisinde al\u0131c\u0131s\u0131na ula\u015ft\u0131r\u0131lmas\u0131d\u0131r.\nKap\u0131dan kap\u0131ya yurti\u00e7i acil kurye ekiplerimiz g\u00fcn\u00fcn hangi saati olursa olun\ng\u00f6nderilerinizi adresinizden al\u0131p h\u0131zl\u0131 ve g\u00fcvenli bir \u015fekilde teslimat\u0131n\u0131\nyapmaktad\u0131rula\u015ft\u0131rmaktad\u0131r.<\/p>\n","protected":false},"excerpt":{"rendered":"<p>Yurt \u0130\u00e7i Acil Kurye Yurt i\u00e7i acil kurye haftan\u0131n her g\u00fcn\u00fc ve her saatinde \u00f6nemli dosya ve evrak belge gibi<\/p>\n","protected":false},"author":2,"featured_media":0,"parent":0,"menu_order":0,"comment_status":"closed","ping_status":"closed","template":"","meta":{"footnotes":""},"class_list":["post-1776","page","type-page","status-publish","hentry","comments-off"],"_links":{"self":[{"href":"https:\/\/ucakkargo.org\/kargo\/wp-json\/wp\/v2\/pages\/1776","targetHints":{"allow":["GET"]}}],"collection":[{"href":"https:\/\/ucakkargo.org\/kargo\/wp-json\/wp\/v2\/pages"}],"about":[{"href":"https:\/\/ucakkargo.org\/kargo\/wp-json\/wp\/v2\/types\/page"}],"author":[{"embeddable":true,"href":"https:\/\/ucakkargo.org\/kargo\/wp-json\/wp\/v2\/users\/2"}],"replies":[{"embeddable":true,"href":"https:\/\/ucakkargo.org\/kargo\/wp-json\/wp\/v2\/comments?post=1776"}],"version-history":[{"count":0,"href":"https:\/\/ucakkargo.org\/kargo\/wp-json\/wp\/v2\/pages\/1776\/revisions"}],"wp:attachment":[{"href":"https:\/\/ucakkargo.org\/kargo\/wp-json\/wp\/v2\/media?parent=1776"}],"curies":[{"name":"wp","href":"https:\/\/api.w.org\/{rel}","templated":true}]}}