{"id":1911,"date":"2019-01-21T14:14:46","date_gmt":"2019-01-21T14:14:46","guid":{"rendered":"https:\/\/www.ucakkargo.net\/?page_id=1911"},"modified":"2019-01-21T14:14:46","modified_gmt":"2019-01-21T14:14:46","slug":"ana-sayfa","status":"publish","type":"page","link":"https:\/\/ucakkargo.org\/kargo\/ana-sayfa\/","title":{"rendered":"Ana Sayfa"},"content":{"rendered":"<p>[vc_row height=&#8221;auto&#8221; width=&#8221;full&#8221; color_scheme=&#8221;primary&#8221;][vc_column][rev_slider_vc alias=&#8221;1&#8243;][\/vc_column][\/vc_row][vc_row][vc_column width=&#8221;1\/3&#8243;][us_iconbox icon=&#8221;&#8221; size=&#8221;360px&#8221; title=&#8221;U\u00e7ak Kargo&#8221; link=&#8221;url:http%3A%2F%2Fwww.yurtdisihavakargo.com%2Fucak-kargo%2F|title:Deniz%20Yolu%20Yurt%20D%C4%B1%C5%9F%C4%B1%20Kargo||&#8221; img=&#8221;3457&#8243;]U\u00e7ak Kargo Hava Kargo hizmetimizi kullanmak isteyen t\u00fcm bireysel ve kurumsal m\u00fc\u015fterilerimiz i\u00e7in geli\u015ftirdi\u011fimiz Yurt D\u0131\u015f\u0131 U\u00e7ak Kargo paketimiz oldu\u011fu gibi Yurt i\u00e7i U\u00e7ak Kargo hizmetimiz de vard\u0131r.[\/us_iconbox][\/vc_column][vc_column width=&#8221;1\/3&#8243;][us_iconbox icon=&#8221;&#8221; size=&#8221;360px&#8221; title=&#8221;Karayolu Kargo&#8221; link=&#8221;url:http%3A%2F%2Fwww.yurtdisihavakargo.com%2Fkara-yolu-tasimaciligi%2F|title:Deniz%20Yolu%20Yurt%20D%C4%B1%C5%9F%C4%B1%20Kargo||&#8221; img=&#8221;3459&#8243;]Karayolu ta\u015f\u0131mac\u0131l\u0131\u011f\u0131 di\u011fer ta\u015f\u0131ma y\u00f6ntemlerine g\u00f6re daha esnek ve geni\u015f kapsaml\u0131d\u0131r. Sadece kamyon ve t\u0131r tonajlar\u0131n\u0131n d\u00fc\u015f\u00fckl\u00fc\u011f\u00fc nedeniyle y\u00fcksek tonajl\u0131 y\u00fcklerde elveri\u015fli olmamaktad\u0131r.[\/us_iconbox][\/vc_column][vc_column width=&#8221;1\/3&#8243;][us_iconbox icon=&#8221;&#8221; size=&#8221;360px&#8221; title=&#8221;Denizyolu Ta\u015f\u0131mac\u0131l\u0131\u011f\u0131&#8221; link=&#8221;url:http%3A%2F%2Fwww.yurtdisihavakargo.com%2Fdeniz-yolu-kargo%2F|title:Deniz%20Yolu%20Yurt%20D%C4%B1%C5%9F%C4%B1%20Kargo||&#8221; img=&#8221;1907&#8243;]\u00dclkemizin d\u0131\u015f ticaret rakamlar\u0131 incelendi\u011finde \u00fclkeye giren ve \u00fclkeden \u00e7\u0131kan \u00fcr\u00fcnlerin yars\u0131n\u0131n denizyolu ta\u015f\u0131mac\u0131l\u0131\u011f\u0131 ile adreslerine ula\u015ft\u0131r\u0131ld\u0131\u011f\u0131 g\u00f6r\u00fclmektedir.[\/us_iconbox][\/vc_column][\/vc_row][vc_row height=&#8221;huge&#8221; color_scheme=&#8221;primary&#8221; us_bg_image=&#8221;5582&#8243; us_bg_parallax=&#8221;vertical&#8221; us_bg_overlay_color=&#8221;rgba(25,25,25,0.26)&#8221; el_id=&#8221;second&#8221;][vc_column][vc_column_text]<\/p>\n<h2 style=\"text-align: center;\">Rakamlar \u0130le<b> &#8220;Ego Krs&#8221;..<\/b><\/h2>\n<p>[\/vc_column_text][vc_row_inner][vc_column_inner width=&#8221;1\/2&#8243; offset=&#8221;vc_col-md-3&#8243;][us_counter target=&#8221;930+&#8221; suffix=&#8221;+&#8221; title=&#8221;Yurt D\u0131\u015f\u0131 Kargo&#8221;][\/vc_column_inner][vc_column_inner width=&#8221;1\/2&#8243; offset=&#8221;vc_col-md-3&#8243;][us_counter target=&#8221;985+&#8221; suffix=&#8221;+&#8221; color=&#8221;primary&#8221; title=&#8221;Yurt \u0130\u00e7i Kargo&#8221;][\/vc_column_inner][vc_column_inner width=&#8221;1\/2&#8243; offset=&#8221;vc_col-md-3&#8243;][us_counter target=&#8221;1258+&#8221; title=&#8221;U\u00e7ak Kargo&#8221;][\/vc_column_inner][vc_column_inner width=&#8221;1\/2&#8243; offset=&#8221;vc_col-md-3&#8243;][us_counter target=&#8221;431+&#8221; suffix=&#8221;+&#8221; color=&#8221;primary&#8221; title=&#8221;Denizyolu Kargo&#8221;][\/vc_column_inner][\/vc_row_inner][\/vc_column][\/vc_row][vc_row height=&#8221;auto&#8221; el_id=&#8221;third&#8221;][vc_column][us_separator type=&#8221;invisible&#8221;][us_separator size=&#8221;small&#8221; color=&#8221;primary&#8221; text=&#8221;YURT \u0130\u00c7\u0130 VE YURT DI\u015eI KARGO H\u0130ZMETLER\u0130&#8221; title_tag=&#8221;h4&#8243;][vc_row_inner][vc_column_inner width=&#8221;1\/3&#8243;][us_iconbox icon=&#8221;fa-html5&#8243; iconpos=&#8221;left&#8221; size=&#8221;46px&#8221; title=&#8221;Acil Hava Kurye&#8221; title_tag=&#8221;h5&#8243; link=&#8221;url:https%3A%2F%2Fyurtdisihavakargo.com%2Facil-hava-kurye%2F|title:Acil%20Hava%20Kurye||&#8221; img=&#8221;5535&#8243; type=&#8221;icon_top&#8221;][\/us_iconbox][us_separator type=&#8221;invisible&#8221; size=&#8221;small&#8221;][us_iconbox icon=&#8221;fa-html5&#8243; iconpos=&#8221;left&#8221; size=&#8221;46px&#8221; title=&#8221;Acil Kargo Yurt D\u0131\u015f\u0131 Hizmeti&#8221; title_tag=&#8221;h5&#8243; link=&#8221;url:https%3A%2F%2Fyurtdisihavakargo.com%2Facil-kargo-yurt-disi-hizmeti%2F|title:Acil%20Kargo%20Yurt%20D%C4%B1%C5%9F%C4%B1%20Hizmeti||&#8221; img=&#8221;5535&#8243; type=&#8221;icon_top&#8221;][\/us_iconbox][us_separator type=&#8221;invisible&#8221; size=&#8221;small&#8221;][us_iconbox icon=&#8221;fa-html5&#8243; iconpos=&#8221;left&#8221; size=&#8221;46px&#8221; title=&#8221;Almanya Yurt D\u0131\u015f\u0131 Kargo&#8221; title_tag=&#8221;h5&#8243; link=&#8221;url:https%3A%2F%2Fyurtdisihavakargo.com%2Falmanya-yurt-disi-kargo%2F|title:Almanya%20Yurt%20D%C4%B1%C5%9F%C4%B1%20Kargo||&#8221; img=&#8221;5535&#8243; type=&#8221;icon_top&#8221;][\/us_iconbox][us_separator type=&#8221;invisible&#8221; size=&#8221;small&#8221;][us_iconbox icon=&#8221;fa-html5&#8243; iconpos=&#8221;left&#8221; size=&#8221;46px&#8221; title=&#8221;\u00c7ok Acil Hava Yurt D\u0131\u015f\u0131 Kargo&#8221; title_tag=&#8221;h5&#8243; link=&#8221;url:https%3A%2F%2Fyurtdisihavakargo.com%2Fcok-acil-hava-yurt-disi-kargo%2F|title:%C3%87ok%20Acil%20Hava%20Yurt%20D%C4%B1%C5%9F%C4%B1%20Kargo%EF%BB%BF||&#8221; img=&#8221;5535&#8243; type=&#8221;icon_top&#8221;][\/us_iconbox][\/vc_column_inner][vc_column_inner width=&#8221;1\/3&#8243;][us_iconbox icon=&#8221;fa-html5&#8243; iconpos=&#8221;left&#8221; size=&#8221;46px&#8221; title=&#8221;Afganistan Yurt D\u0131\u015f\u0131 Kargo&#8221; title_tag=&#8221;h5&#8243; link=&#8221;url:https%3A%2F%2Fyurtdisihavakargo.com%2Fafganistan-yurt-disi-kargo%2F|title:Afganistan%20Yurt%20D%C4%B1%C5%9F%C4%B1%20Kargo||&#8221; img=&#8221;5535&#8243; type=&#8221;icon_top&#8221;][\/us_iconbox][us_separator type=&#8221;invisible&#8221; size=&#8221;small&#8221;][us_iconbox icon=&#8221;fa-html5&#8243; iconpos=&#8221;left&#8221; size=&#8221;46px&#8221; title=&#8221;\u00c7ok Acil Yurt D\u0131\u015f\u0131 Kargo&#8221; title_tag=&#8221;h5&#8243; link=&#8221;url:https%3A%2F%2Fyurtdisihavakargo.com%2Fcok-acil-yurt-disi-kargo%2F|title:%C3%87ok%20Acil%20Yurt%20D%C4%B1%C5%9F%C4%B1%20Kargo||&#8221; img=&#8221;5535&#8243; type=&#8221;icon_top&#8221;][\/us_iconbox][us_separator type=&#8221;invisible&#8221; size=&#8221;small&#8221;][us_iconbox icon=&#8221;fa-html5&#8243; iconpos=&#8221;left&#8221; size=&#8221;46px&#8221; title=&#8221;Adana U\u00e7ak Yurt D\u0131\u015f\u0131 Kargo&#8221; title_tag=&#8221;h5&#8243; link=&#8221;url:https%3A%2F%2Fyurtdisihavakargo.com%2Fadana-ucak-kargo%2F|title:Adana%20U%C3%A7ak%20Yurt%20D%C4%B1%C5%9F%C4%B1%20Kargo||&#8221; img=&#8221;5535&#8243; type=&#8221;icon_top&#8221;][\/us_iconbox][us_separator type=&#8221;invisible&#8221; size=&#8221;small&#8221;][us_iconbox icon=&#8221;fa-html5&#8243; iconpos=&#8221;left&#8221; size=&#8221;46px&#8221; title=&#8221;Amerika Yurt D\u0131\u015f\u0131 Kargo&#8221; title_tag=&#8221;h5&#8243; link=&#8221;url:https%3A%2F%2Fyurtdisihavakargo.com%2Famerika-yurtdisi-kargo%2F|title:Amerika%20Yurt%20D%C4%B1%C5%9F%C4%B1%20Kargo||&#8221; img=&#8221;5535&#8243; type=&#8221;icon_top&#8221;][\/us_iconbox][\/vc_column_inner][vc_column_inner width=&#8221;1\/3&#8243;][us_iconbox icon=&#8221;fa-html5&#8243; iconpos=&#8221;left&#8221; size=&#8221;46px&#8221; title=&#8221;\u00c7ok Acil Kargo Yurt D\u0131\u015f\u0131&#8221; title_tag=&#8221;h5&#8243; link=&#8221;url:https%3A%2F%2Fyurtdisihavakargo.com%2Fcok-acil-kargo-yurtdisi%2F|title:%C3%87ok%20Acil%20Kargo%20Yurt%20D%C4%B1%C5%9F%C4%B1||&#8221; img=&#8221;5535&#8243; type=&#8221;icon_top&#8221;][\/us_iconbox][us_separator type=&#8221;invisible&#8221; size=&#8221;small&#8221;][us_iconbox icon=&#8221;fa-html5&#8243; iconpos=&#8221;left&#8221; size=&#8221;46px&#8221; title=&#8221;Air Express&#8221; title_tag=&#8221;h5&#8243; link=&#8221;url:https%3A%2F%2Fyurtdisihavakargo.com%2Fair-express%2F|title:Air%20Express||&#8221; img=&#8221;5535&#8243; type=&#8221;icon_top&#8221;][\/us_iconbox][us_iconbox icon=&#8221;fa-html5&#8243; iconpos=&#8221;left&#8221; size=&#8221;46px&#8221; title=&#8221;Acil Ankara U\u00e7ak Yurt D\u0131\u015f\u0131 Kargo&#8221; title_tag=&#8221;h5&#8243; link=&#8221;url:https%3A%2F%2Fyurtdisihavakargo.com%2Facil-ankara-ucak-yurtdisi-kargo%2F|title:Acil%20Ankara%20U%C3%A7ak%20Yurt%20D%C4%B1%C5%9F%C4%B1%20Kargo||&#8221; img=&#8221;5535&#8243; type=&#8221;icon_top&#8221;][\/us_iconbox][us_separator type=&#8221;invisible&#8221; size=&#8221;small&#8221;][us_iconbox icon=&#8221;fa-html5&#8243; iconpos=&#8221;left&#8221; size=&#8221;46px&#8221; title=&#8221;Andorra Yurt D\u0131\u015f\u0131 Kargo&#8221; title_tag=&#8221;h5&#8243; link=&#8221;url:https%3A%2F%2Fyurtdisihavakargo.com%2Fandorra-yurtdisi-kargo%2F|title:Andorra%20Yurt%20D%C4%B1%C5%9F%C4%B1%20Kargo||&#8221; img=&#8221;5535&#8243; type=&#8221;icon_top&#8221;][\/us_iconbox][\/vc_column_inner][\/vc_row_inner][\/vc_column][\/vc_row][vc_row][vc_column][us_separator size=&#8221;small&#8221; color=&#8221;primary&#8221; text=&#8221;En Son Yaz\u0131lar&#8221; title_tag=&#8221;h4&#8243;][us_blog type=&#8221;carousel&#8221; columns=&#8221;6&#8243; orderby=&#8221;rand&#8221; items=&#8221;50&#8243; categories=&#8221;denizyolu-kargo,genel,havayolu-kargo,karayolu-kargo,yurtdisi-kargo&#8221; layout=&#8221;compact&#8221; show_date=&#8221;&#8221; show_author=&#8221;&#8221; show_categories=&#8221;&#8221; show_tags=&#8221;&#8221; show_comments=&#8221;&#8221; show_read_more=&#8221;1&#8243; content_type=&#8221;none&#8221; carousel_arrows=&#8221;1&#8243; carousel_autoplay=&#8221;1&#8243; carousel_interval=&#8221;2&#8243;][\/vc_column][\/vc_row]<\/p>\n","protected":false},"excerpt":{"rendered":"<p>[vc_row height=&#8221;auto&#8221; width=&#8221;full&#8221; color_scheme=&#8221;primary&#8221;][vc_column][rev_slider_vc alias=&#8221;1&#8243;][\/vc_column][\/vc_row][vc_row][vc_column width=&#8221;1\/3&#8243;][us_iconbox icon=&#8221;&#8221; size=&#8221;360px&#8221; title=&#8221;U\u00e7ak Kargo&#8221; link=&#8221;url:http%3A%2F%2Fwww.yurtdisihavakargo.com%2Fucak-kargo%2F|title:Deniz%20Yolu%20Yurt%20D%C4%B1%C5%9F%C4%B1%20Kargo||&#8221; img=&#8221;3457&#8243;]U\u00e7ak Kargo Hava Kargo hizmetimizi kullanmak isteyen t\u00fcm bireysel<\/p>\n","protected":false},"author":2,"featured_media":0,"parent":0,"menu_order":0,"comment_status":"closed","ping_status":"closed","template":"","meta":{"footnotes":""},"class_list":["post-1911","page","type-page","status-publish","hentry","comments-off"],"_links":{"self":[{"href":"https:\/\/ucakkargo.org\/kargo\/wp-json\/wp\/v2\/pages\/1911","targetHints":{"allow":["GET"]}}],"collection":[{"href":"https:\/\/ucakkargo.org\/kargo\/wp-json\/wp\/v2\/pages"}],"about":[{"href":"https:\/\/ucakkargo.org\/kargo\/wp-json\/wp\/v2\/types\/page"}],"author":[{"embeddable":true,"href":"https:\/\/ucakkargo.org\/kargo\/wp-json\/wp\/v2\/users\/2"}],"replies":[{"embeddable":true,"href":"https:\/\/ucakkargo.org\/kargo\/wp-json\/wp\/v2\/comments?post=1911"}],"version-history":[{"count":0,"href":"https:\/\/ucakkargo.org\/kargo\/wp-json\/wp\/v2\/pages\/1911\/revisions"}],"wp:attachment":[{"href":"https:\/\/ucakkargo.org\/kargo\/wp-json\/wp\/v2\/media?parent=1911"}],"curies":[{"name":"wp","href":"https:\/\/api.w.org\/{rel}","templated":true}]}}